0. Suppose -5*v + 9 = -6. Suppose 5*l - 30 = v*u + 48, -4*u + 26 = 2*l. Calculate the greatest common factor of l and p.
15
Let o be (-1 + -4)*(-28)/35. Suppose 3*x = 3*a + 48, -2*x + 23 = -o*a - 17. What is the highest common divisor of x and 132?
12
Let l(f) = -f**3 + 6*f**2 + 2. Let k be l(6). Suppose 0 = -3*r - 5 + k. Let b be (-5)/((-15)/294) - r. Calculate the greatest common factor of b and 9.
9
Let i(d) = -d**2 + d + 3. Suppose 5*w = -0*w. Let u be i(w). Let a(t) = -t**3 + 4*t**2 + 3. Let s be a(u). What is the highest common divisor of 8 and s?
4
Suppose 3*y - 2*h = 62, -4*y - 2*h - 12 = -76. What is the greatest common factor of 9 and y?
9
Let s be (-4 - 1)/(5/(-15)). Suppose -3*r - s = 0, g - r = r + 12. Suppose n = -g*n + 264. Calculate the highest common factor of n and 11.
11
Let y(f) = f**2 - 12*f + 16. Let q be y(11). Suppose 0*m + m = q. Calculate the highest common factor of m and 5.
5
Let i = 22 + 32. Suppose 4*h - 134 = -i. Suppose 3*a - a = h. What is the highest common factor of a and 1?
1
Let g = 6 - 3. Let c be 4/(4/g) + 21. Calculate the greatest common factor of c and 36.
12
Let c be 16/9 + 26/117. Suppose -z + c = -3. Let l(w) = -39*w + 1. Let p be l(-1). Calculate the greatest common factor of z and p.
5
Suppose -25 - 7 = -4*y. Let n(w) = -5*w - 2. Let o be n(-2). What is the highest common divisor of y and o?
8
Suppose -t - 3*g + 26 = 0, 3*g = g. Calculate the highest common divisor of 182 and t.
26
Suppose -7*l + 5*l + 108 = 0. What is the greatest common factor of l and 27?
27
Suppose 0 = q, c = -3*c + 2*q + 96. What is the highest common divisor of 120 and c?
24
Let x = 4 - 5. Let c = 134 - x. What is the greatest common divisor of c and 15?
15
Suppose -n = -u + 5, -3*u - 2*n = -0*u + 10. Let v(q) = q**3 + q + 36. Let y be v(u). What is the highest common factor of y and 18?
18
Let q be (-5)/(-7) - 12/(-42). Let b be q - ((-12)/3)/2. Suppose 196 = 4*g + 2*t - 6*t, -2*g + 73 = b*t. Calculate the highest common divisor of g and 110.
22
Suppose -p + 108 = 2*p. What is the highest common factor of p and 12?
12
Let x = 30 + 0. Let m = x - 15. Calculate the greatest common divisor of 6 and m.
3
Suppose i + 3 = 4, 5*u - 2*i - 23 = 0. Suppose -25 = -u*s + 2*w, -4*s = s + 3*w. Suppose -2 = b - s. What is the greatest common divisor of b and 7?
1
Let o(p) = 4*p**3 - 2*p + 2. Let c be o(3). Let y be (c/(-10))/(1/(-5)). What is the highest common divisor of 13 and y?
13
Suppose -26*i + 21*i = -155. Calculate the greatest common divisor of i and 248.
31
Suppose 3 + 17 = 4*a. Suppose 0 = -4*u + 4 + 4. Calculate the highest common factor of u and a.
1
Let g be (2/3)/(2/3). Let u be 242/((-2 + 4)*g). Calculate the greatest common factor of 11 and u.
11
Suppose 0 = -0*z + 11*z - 330. What is the highest common factor of z and 15?
15
Let l(p) = -p**3 - 7*p**2 - 19*p - 16. Let x be l(-5). Calculate the highest common divisor of 319 and x.
29
Suppose -4*z = -4*s - 28, -5*s + 3*z - 4 = 29. Let l be 92/s*54/(-36). Suppose -i + 3 = 2, 0 = 5*j + 4*i - 464. Calculate the highest common factor of j and l.
23
Let j be -8*(-3 + (-2 - 2)). What is the highest common divisor of j and 8?
8
Let d = -4 + 7. Suppose -d*t + t + g = -16, 2*t = 5*g. What is the greatest common divisor of t and 70?
10
Let b(h) = 318*h**2 + 1. Let x be b(1). Let s be 170/6 + 30/45. What is the highest common divisor of x and s?
29
Suppose 0 = 4*x - 2*x - 140. Suppose 0 = 3*u + 3 - 0. Let j be u + (-2 - 26/(-2)). Calculate the highest common factor of j and x.
10
Let w(h) = -h + 3. Suppose -4*u + 14 + 2 = 0. Let t be w(u). Let j be -2 - (-46 - (t - -1)). What is the greatest common divisor of 4 and j?
4
Let q = -45 + 116. Let f = -23 + q. Suppose -4*a - j + f = 0, -j + 12 = a + 3*j. Calculate the highest common divisor of 84 and a.
12
Let g(c) = c**2 - 4*c - 17. Let r be g(7). Let p = 7 - 4. Suppose -s + p = 1. What is the highest common factor of s and r?
2
Let u be 1*(-5)/((-15)/66). Suppose -o + 71 = 2*l, l + 3*l = 4*o + 112. What is the highest common factor of l and u?
11
Let i(v) = -20*v**3 - 3*v**2 - 2*v + 2. Let x be i(-2). Calculate the greatest common divisor of 14 and x.
14
Let z be (6/(-3) + 2)/2. Suppose z = d - 2. What is the greatest common factor of 22 and d?
2
Let q(l) = -l - 1. Let d be q(4). Let u be d*-1*168/10. Suppose -j - 12 = -u. Calculate the highest common divisor of 9 and j.
9
Let z(p) = -2*p - 44. Let u be z(0). Let a = u + 83. Suppose -2*i + i = -2*k - 11, -5*i - 3*k = -68. Calculate the greatest common factor of a and i.
13
Let w be (-138)/(-8) - 5/20. Let y = w - 4. What is the highest common divisor of y and 65?
13
Let j = 47 - 19. Calculate the greatest common divisor of 14 and j.
14
Suppose -3 = -5*k + 7. Suppose g + 0*g - k = 0. Suppose 2*t - 44 = -2*v - g*t, 5*v = -5*t + 100. Calculate the highest common divisor of 72 and v.
18
Let x(q) = -2*q - 9. Let m be x(-6). Suppose -2*g - m*f + 10 = -3*g, 4*g - 5 = 3*f. Calculate the highest common divisor of 25 and g.
5
Suppose -80 = -5*z + w, -8 = -3*z + 2*w + 33. Suppose -o + 5 = 2*r - z, 3*o = -4*r + 60. What is the greatest common factor of o and 128?
16
Let h be -1*10*(-2)/4. Let o(d) = -d + 6. Let q be o(h). Calculate the greatest common factor of 11 and q.
1
Let u = -48 - 59. Let k = 152 + u. What is the greatest common divisor of 18 and k?
9
Let f(r) = -3*r**2 - 16*r - 1. Let j be f(-5). Calculate the highest common factor of 40 and j.
4
Let c be (-2 + 4)/(-2) - -2. Let t be (c - 0) + (-118)/(-2). Calculate the highest common factor of 10 and t.
10
Let y(i) = i**2 - 3*i + 2. Let k be y(3). Suppose 114 = k*v + d, 77 = 5*v + 2*d - 207. Calculate the greatest common factor of v and 8.
8
Let r = 30 - 20. Suppose -4 = 2*v - 2*b, -3*v = -0*v - 4*b + r. Suppose 0 = v*h + 5*d - 283, -4*d + 5*d = -5. What is the highest common divisor of 22 and h?
22
Let j = -4 + -17. Let s = 81 + -44. Let n = j + s. Calculate the highest common factor of 24 and n.
8
Suppose 0 = -3*i + 114 + 150. What is the greatest common divisor of 8 and i?
8
Let c be 2/3 + (-20)/(-6). Let y(h) = h**2 - 2*h - 4. Let s be y(c). Let w be (-22)/(-18) + 2/(-9). What is the highest common divisor of s and w?
1
Let n be 5712/114 - 4/38. Calculate the highest common divisor of n and 20.
10
Suppose 2*w = w + 4. Let i be 51/w - 1/(-4). Suppose 5*f - 5*n = 270, 2*f - 3*f + 2*n + 56 = 0. What is the greatest common factor of i and f?
13
Suppose 8*f = 4*f - 4080. Let a be f/(-18) + (-6)/9. Calculate the highest common factor of a and 7.
7
Let z(i) be the third derivative of i**6/120 - i**5/10 + 7*i**4/24 - i**3/2 - 3*i**2. Let a be z(5). What is the greatest common divisor of a and 63?
7
Let i(f) = 2*f**3 + f**3 + 2 + 16*f**2 + 13*f - 2*f**3 + 8. Let x be i(-15). Calculate the highest common divisor of x and 20.
20
Let i = 46 + -25. Let m = 36 - i. What is the greatest common divisor of m and 165?
15
Let p be -6*2/((-12)/9). What is the highest common divisor of p and 9?
9
Let o(n) = 2*n**2 - 3*n + 3. Let x be o(2). Suppose m + 13 = -a + 50, 0 = -2*m + 2*a + 66. Calculate the greatest common divisor of m and x.
5
Suppose 0 = -2*g - 5*z + 55, -2*g + 5*z + 20 = g. Suppose s - 59 = -2*a + 2*s, 1 = s. What is the greatest common factor of a and g?
15
Suppose -3*p + 21 = 3*q, -13 = 2*q - 3*p - 2. Let o be 25/2 + 3/q. Calculate the highest common divisor of o and 112.
14
Let j = 11 - -10. Let p be -3 + 3/(9/j). Suppose -p*d - 2*z + 478 = 0, -d - z + 130 = -4*z. Calculate the greatest common factor of 11 and d.
11
Let c(v) = v**2 + 2*v + 3. Let k be c(-3). Suppose 336 = k*o - 3*o. What is the highest common factor of o and 14?
14
Let s(l) = l**2 + 4*l - 8. Let u be s(-6). Let k = 25 + -9. What is the greatest common divisor of u and k?
4
Let i = -5 - -3. Let n be 3 - (1 + -4 - i). What is the highest common divisor of 44 and n?
4
Let f(d) = -d**2 + d + 18. Let k be f(0). Let m be (k/15)/(4/20). Calculate the greatest common factor of m and 18.
6
Let m = 3 - 1. Suppose 196 = -m*o + 6*o. Calculate the highest common factor of o and 7.
7
Suppose 8 = 6*g + 2*g. Suppose -16 = -3*r - 1. Suppose r*i - 32 = 2*m - 3, -4*i = -2*m - 24. What is the greatest common factor of i and g?
1
Let i be 4/18 + (-25)/(-9). Let y = i - -1. What is the greates